the highest common factor of p and 36?
4
Suppose 2*g + 2*b - 3 - 1 = 0, -5*g + 2*b = 18. Let k(w) = -17*w. Let y be k(g). What is the highest common factor of 51 and y?
17
Suppose -2*k + 3 = -5*g - 38, -3*k + 59 = -5*g. What is the greatest common divisor of k and 54?
18
Let g be 57 + 0 + ((-12)/(-3) - 5). What is the greatest common divisor of 7 and g?
7
Let t = -4 - -3. Let i be -5*(-4)/10 + t. Calculate the greatest common divisor of 3 and i.
1
Suppose 0 = -o - 2 + 41. Suppose -2*f + 48 = g, -8*f - g = -9*f + 30. What is the highest common factor of o and f?
13
Let f be (-2)/((-8)/(-92))*-7. Calculate the highest common divisor of f and 23.
23
Let o(j) = j**2 + 7*j - 17. Let x be o(-11). What is the greatest common divisor of 27 and x?
27
Let w be (-111)/(-6) + (-2)/4. Let i = 55 + w. Let n = -52 + i. What is the highest common factor of n and 7?
7
Suppose 5*d = 3*y + 4*d - 26, -18 = -y + 5*d. Suppose 4*w - y*w = -264. Calculate the greatest common divisor of 44 and w.
22
Suppose 34 = k - 3*p, 4*k + 5*p - 84 = 52. What is the highest common factor of 17 and k?
17
Let n(o) = 31*o**3 - o**2 + 1. Let i(d) = 30*d**3 - d**2 + 1. Let a(y) = -6*i(y) + 5*n(y). Let p be a(-1). Calculate the greatest common divisor of p and 10.
5
Let m be 129 + (-3)/(-3) + 2. Calculate the greatest common factor of 12 and m.
12
Let j = -112 + 128. What is the highest common factor of j and 88?
8
Suppose -2*v - 10 = -5*t, 6*t - 8 = v + 2*t. Suppose p = -v*p + 10. What is the greatest common divisor of 70 and p?
10
Let j be 40 + (2/(-2) - 1). Suppose -j = -t + 53. Let k be (-1 - 2)*(-26)/6. What is the greatest common factor of t and k?
13
Let w(a) = -99*a + 153. Let u(r) = -9*r + 14. Let f(t) = -54*u(t) + 5*w(t). Let y be f(-9). Calculate the highest common divisor of 10 and y.
10
Let d = 256 - 122. Let k = 259 - d. What is the greatest common factor of 25 and k?
25
Suppose -g - 2 = 0, 3*b = -0*b - 2*g + 449. Suppose 5 = -4*f - b. Let u = f + 89. Calculate the highest common factor of u and 10.
10
Let i(l) = -l**2 + 7. Let g be i(3). Let z be 94 + g + 4*-1. Suppose 0*v = -5*v - 10, 4*r = -3*v + 38. Calculate the greatest common factor of z and r.
11
Suppose 6*j - 5*a = j + 75, 2 = 2*a. Let m(v) = v**2 - v - 2. Let r = 8 + -14. Let o be m(r). What is the highest common divisor of o and j?
8
Let y(t) = t**2 + 21. Let c be y(0). Let v be 6/c + (-12)/(-7). Suppose 30 = v*f - f. What is the highest common factor of f and 10?
10
Suppose 4*k + 2*c = 112, c - 82 = -6*k + 3*k. What is the highest common factor of k and 65?
13
Suppose -6 = -m - m. Let f = m + 5. Calculate the highest common factor of 2 and f.
2
Let y(c) be the third derivative of -c**4/24 + 7*c**3/3 + 2*c**2. Let v = -3 + 10. Let h be y(v). Calculate the highest common factor of h and 77.
7
Suppose 0 = -7*a + 3*a + 76. Calculate the greatest common divisor of 76 and a.
19
Let t be ((-36)/(-10))/(5/(-25)). Let p be (-4)/t + (-156)/(-27). What is the greatest common divisor of 24 and p?
6
Let l be (20/(-20))/(1/(-189)). Calculate the greatest common divisor of 27 and l.
27
Let j = -18 - -28. Suppose -62 = -5*i - 3*u, -i + 9 + 21 = 5*u. What is the greatest common factor of i and j?
10
Let u be (-8428)/(-34) - (-12)/102. What is the greatest common factor of 31 and u?
31
Let w be 0*1/(-2) - -144. Suppose 2*q = -2*q - 8, 0 = 4*x + 3*q - 58. Calculate the highest common factor of x and w.
16
Suppose f - 43 = -5*v - 2*f, -4*f - 16 = 0. Suppose 0 = -4*j - 28 + 116. What is the highest common divisor of v and j?
11
Suppose -q = 4*j - 4*q - 660, -2*j - 3*q = -348. Let h(r) = 20*r**3 + 2*r - 1. Let a be h(1). What is the highest common factor of a and j?
21
Let u be (-3)/(-21) + 450/35. What is the highest common factor of 117 and u?
13
Let b(z) = z**2 + 4*z - 4. Let c be b(-6). What is the greatest common factor of 2 and c?
2
Suppose 3 - 17 = -3*i - 5*y, -3*y = i - 2. Let j(g) = -40*g**3 - g**2 - 2*g - 1. Let s be j(-1). What is the greatest common factor of i and s?
8
Suppose -17*p + 10*p + 7 = 0. Calculate the highest common divisor of 8 and p.
1
Let m = 7 - 8. Let j be m/((-3 - -1)/(-54)). Let i be 18/j*1*-15. What is the highest common factor of 50 and i?
10
Let m(x) = 8*x + 6*x + 4 + x**2 - 6*x. Let b be m(-8). Suppose -2*u - 4 = -b*u, 5*h = -u + 52. Calculate the greatest common factor of h and 4.
2
Let g(a) = -5*a**3 - 4*a**2 - a + 2. Let y be g(-3). Suppose y = 3*q - 40. Let h = 0 + 6. Calculate the highest common factor of q and h.
6
Let c(u) = 2*u**2 + 2*u + 2. Let j be c(-4). Let w(s) = -s**3 + 9*s**2 - 6*s - 5. Let h be w(5). What is the greatest common factor of j and h?
13
Let a be (-2 + -3)*2 - -3. Let c = -13 - a. Let g = c + 7. What is the greatest common factor of 11 and g?
1
Let c be (-1)/(-3)*3*4. What is the greatest common factor of 12 and c?
4
Let c be (-2 - 18/(-1)) + -1. Let s be (9/c)/(2/10). Calculate the greatest common factor of 3 and s.
3
Let t = -1 + 2. Let n be (20 - 1) + 3/t. What is the greatest common divisor of 2 and n?
2
Let r be ((-69)/(-9))/(2/12). Let z be 3/(-6) + r/4. Suppose -26 = -5*w + 29. Calculate the greatest common factor of z and w.
11
Let t = 43 - 26. What is the highest common factor of t and 68?
17
Let s(u) = 2*u**2 - 2. Let r be s(-4). What is the highest common divisor of 6 and r?
6
Suppose 216 = 5*a - 34. Let m be 0 + (-1 - -1) + 20. Calculate the greatest common factor of a and m.
10
Let y(j) = j**3 - 4*j**2 - 4*j - 2. Let i be y(5). Let c = -74 + 89. Calculate the greatest common factor of i and c.
3
Suppose n - 6*n = -50. Let l = -10 - -10. Suppose -z = -l*z - 2. What is the greatest common divisor of n and z?
2
Let s(y) = -2 - 4*y + 4 + 7 - 15. Let b be s(-4). Calculate the greatest common factor of b and 15.
5
Suppose 0*i - 5*i = -5, -4*k + 15 = -i. Calculate the highest common factor of k and 4.
4
Suppose -80 = 3*s + 136. Let y = s + 121. Suppose 3*o = 7*o - 28. Calculate the highest common divisor of y and o.
7
Let g(q) be the first derivative of q**4/4 + q**3/3 - q**2/2 + 11*q + 2. Let y be g(0). What is the highest common factor of 77 and y?
11
Suppose -5*i - 40 = -0*r - 5*r, -3*r - i = -4. Let o be (-109)/(-4) + (-1)/4. Calculate the highest common divisor of r and o.
3
Let t be 9 - (-3 - (2 + -10)). Calculate the greatest common divisor of 5 and t.
1
Let i be 28 - 4 - (1 - 1). Suppose f = -2*c + i, f + c + 51 = 4*f. Calculate the highest common divisor of 18 and f.
18
Let p be (-4 - -84)*(-2)/(-4). What is the greatest common factor of p and 16?
8
Let q(b) = -4*b**3 - 3*b**3 + 7*b**2 + b - 3 + 6*b**3. Let k be q(6). Calculate the highest common divisor of k and 13.
13
Let c(h) = 3*h**2 - h. Let m be c(1). Suppose 0 = m*u + 2*u - 4. Calculate the highest common divisor of 1 and u.
1
Let f = 11 + 4. Suppose 29*o + 60 = 35*o. What is the highest common divisor of f and o?
5
Suppose -5*p = -p. Suppose -2*i - 153 = -3*r, p*i = -i. What is the greatest common divisor of 17 and r?
17
Let a(f) = -f**3 + 6*f**2 - 6*f + 6. Let n = 16 - 11. Let j be a(n). What is the highest common divisor of 2 and j?
1
Suppose 3*b + b - 12 = 2*a, -4*a - 12 = -2*b. Let r be 1/(1/(14*b)). What is the greatest common factor of 70 and r?
14
Let j = 31 - -49. Suppose 2*o - 6*o = -j. Let f = -5 + 10. Calculate the greatest common factor of o and f.
5
Let k = -1 + 6. Suppose 0 = -k*b + 3*b + 44. Calculate the highest common divisor of 55 and b.
11
Let b be 1/(((-12)/(-16))/3). What is the greatest common factor of b and 4?
4
Let v(r) = -3*r + 8. Let w be v(6). Let a = -12 + 11. Let i be a/((w/6)/5). Calculate the greatest common factor of i and 1.
1
Let j = -78 + 177. Calculate the highest common factor of 9 and j.
9
Let s(z) = -2*z + 1. Let a be s(-1). Suppose a*m = -0*m + 36. Suppose -2*j + 6*j = 528. What is the highest common divisor of m and j?
12
Let s be 2 + -1 - 118*-1. Let n(c) = c + 17. Let v be n(0). Calculate the highest common factor of s and v.
17
Let s = -540 + 801. What is the highest common divisor of 29 and s?
29
Let g be -3*((-80)/12 + 2). What is the highest common factor of 14 and g?
14
Let g(v) = -v**3 + 5*v**2 + 2*v - 1. Let q be g(-3). Let y be 286/33*(-6)/(-4). Calculate the greatest common factor of y and q.
13
Let q = -22 - -41. Suppose -j + q = -21. Calcu